a factor of 50094?
False
Does 137 divide 17204?
False
Does 96 divide 768?
True
Is 40775 a multiple of 25?
True
Does 13 divide 4225?
True
Is 4298 a multiple of 7?
True
Is 63 a factor of 8579?
False
Is 20 a factor of 3989?
False
Is 24 a factor of 86160?
True
Is 16 a factor of 671?
False
Does 4 divide 236?
True
Is 8662 a multiple of 122?
True
Is 41 a factor of 1783?
False
Is 28084 a multiple of 59?
True
Is 51392 a multiple of 88?
True
Is 156 a multiple of 10?
False
Is 328 a multiple of 8?
True
Does 69 divide 207?
True
Does 47 divide 2237?
False
Does 4 divide 11599?
False
Does 10 divide 234?
False
Is 2941 a multiple of 131?
False
Does 12 divide 39634?
False
Is 3 a factor of 190?
False
Is 26 a factor of 83947?
False
Is 86 a multiple of 6?
False
Does 179 divide 13962?
True
Does 29 divide 41412?
True
Is 20 a factor of 58324?
False
Does 28 divide 59444?
True
Is 2410 a multiple of 15?
False
Is 85 a multiple of 20?
False
Is 13 a factor of 8333?
True
Does 18 divide 7860?
False
Does 15 divide 742?
False
Does 193 divide 86538?
False
Is 10740 a multiple of 20?
True
Is 12 a factor of 109?
False
Does 35 divide 3075?
False
Is 15 a factor of 315?
True
Is 32 a factor of 30175?
False
Is 2693 a multiple of 119?
False
Is 38 even?
True
Is 12 a factor of 5688?
True
Does 25 divide 6000?
True
Is 15835 a multiple of 9?
False
Does 22 divide 13354?
True
Is 28 a factor of 4396?
True
Is 22 a factor of 1540?
True
Is 24 a factor of 53089?
False
Is 38 a factor of 5210?
False
Is 19782 a multiple of 42?
True
Is 314 even?
True
Does 45 divide 41846?
False
Is 37 a factor of 17459?
False
Is 343 a multiple of 6?
False
Is 119 a factor of 27013?
True
Is 71326 a multiple of 19?
True
Is 17305 a multiple of 61?
False
Is 4308 a multiple of 36?
False
Is 12 a factor of 59615?
False
Is 20 a factor of 220?
True
Is 16 a factor of 14465?
False
Is 16664 a multiple of 7?
False
Is 315 a multiple of 15?
True
Does 2 divide 1097?
False
Does 27 divide 3835?
False
Does 35 divide 3710?
True
Is 27 a factor of 13608?
True
Does 12 divide 17171?
False
Does 44 divide 3360?
False
Is 1770 a multiple of 10?
True
Does 5 divide 5174?
False
Is 12 a factor of 144?
True
Does 12 divide 3936?
True
Does 4 divide 438?
False
Does 28 divide 11004?
True
Does 9 divide 2068?
False
Is 2 a factor of 883?
False
Does 231 divide 54031?
False
Does 16 divide 8547?
False
Is 194 a factor of 86912?
True
Does 4 divide 248?
True
Is 21 a factor of 6449?
False
Does 111 divide 20868?
True
Is 2580 a multiple of 60?
True
Is 15 a factor of 420?
True
Is 40 a multiple of 4?
True
Does 3 divide 2740?
False
Is 663 a multiple of 13?
True
Does 6 divide 948?
True
Is 1359 a multiple of 30?
False
Is 51492 a multiple of 26?
False
Is 24 a multiple of 5?
False
Is 60552 a multiple of 261?
True
Does 35 divide 2207?
False
Is 5 a factor of 6975?
True
Is 14 a factor of 1668?
False
Is 1533 a multiple of 21?
True
Is 49 a factor of 21266?
True
Is 1470 a multiple of 10?
True
Does 20 divide 2830?
False
Is 8658 a multiple of 117?
True
Is 5 a factor of 1322?
False
Is 554 a multiple of 9?
False
Is 61 a factor of 388?
False
Is 8 a factor of 296?
True
Is 1379 a multiple of 50?
False
Is 7271 a multiple of 11?
True
Is 91 a factor of 4931?
False
Is 21 a factor of 8589?
True
Is 5 a factor of 8445?
True
Is 9875 a multiple of 8?
False
Does 6 divide 882?
True
Is 97 a factor of 1940?
True
Is 52 a factor of 5191?
False
Does 3 divide 7154?
False
Is 9 a factor of 37?
False
Does 92 divide 10494?
False
Is 21 a factor of 14188?
False
Is 5 a factor of 313?
False
Is 31221 a multiple of 9?
True
Is 129 a multiple of 5?
False
Is 6 a factor of 48?
True
Is 75 a multiple of 5?
True
Does 16 divide 496?
True
Is 13 a factor of 45858?
False
Is 30 a factor of 1351?
False
Is 20 a factor of 15820?
True
Does 34 divide 1819?
False
Is 30 a factor of 3120?
True
Is 20784 a multiple of 8?
True
Is 156 a multiple of 8?
False
Is 125 a factor of 8788?
False
Is 2338 a multiple of 46?
False
Does 29 divide 116?
True
Is 13064 a multiple of 23?
True
Does 9 divide 830?
False
Is 2750 a multiple of 32?
False
Is 3352 a multiple of 41?
False
Is 99 a factor of 17498?
False
Is 369 a multiple of 9?
True
Does 124 divide 1612?
True
Is 61 a factor of 15616?
True
Is 6 a factor of 1714?
False
Does 48 divide 400?
False
Is 27020 a multiple of 28?
True
Does 52 divide 6668?
False
Is 430 a multiple of 12?
False
Is 6408 a multiple of 12?
True
Is 4385 a multiple of 71?
False
Is 23877 a multiple of 7?
True
Is 31 a factor of 1784?
False
Is 8 a factor of 212?
False
Is 371 a multiple of 7?
True
Does 6 divide 366?
True
Is 408 a multiple of 24?
True
Is 1027 a multiple of 79?
True
Does 47 divide 4336?
False
Is 7 a factor of 2674?
True
Does 17 divide 5115?
False
Is 32 a factor of 2848?
True
Is 10 a factor of 282?
False
Is 6 a factor of 171?
False
Is 105 a factor of 13929?
False
Is 5 a factor of 357?
False
Is 2 a factor of 428?
True
Is 27700 a multiple of 100?
True
Is 1908 a multiple of 12?
True
Is 17 a factor of 10853?
False
Is 18 a factor of 24?
False
Is 26 a factor of 7462?
True
Does 13 divide 2947?
False
Is 54 a multiple of 3?
True
Is 82 a factor of 7790?
True
Does 78 divide 2028?
True
Does 46 divide 1150?
True
Does 21 divide 2986?
False
Does 38 divide 2855?
False
Is 192 a multiple of 8?
True
Is 474 a multiple of 6?
True
Is 15956 a multiple of 7?
False
Does 20 divide 3173?
False
Is 931 even?
False
Is 7316 a multiple of 124?
True
Is 9 a factor of 125?
False
Is 66 a factor of 3498?
True
Does 28 divide 230?
False
Does 5 divide 17724?
False
Is 3124 a multiple of 23?
False
Is 10 a factor of 730?
True
Is 5852 a multiple of 52?
False
Is 116 a factor of 10681?
False
Does 11 divide 129118?
True
Is 13 a factor of 1898?
True
Is 1013 a multiple of 42?
False
Is 8 a factor of 5736?
True
Is 882 a multiple of 42?
True
Does 7 divide 10920?
True
Does 4 divide 110?
False
Does 38 divide 12236?
True
Is 111813 a multiple of 141?
True
Does 28 divide 476?
True
Is 35 a factor of 1496?
False
Is 286 a multiple of 26?
True
Is 21184 a multiple of 48?
False
Is 21 a factor of 5229?
True
Is 8 a factor of 208?
True
Is 771 a multiple of 3?
True
Is 12 a factor of 20142?
False
Is 1409 a multiple of 20?
False
Is 294 a multiple of 21?
True
Is 28 a factor of 1876?
True
Is 6 a factor of 877?
False
Is 18 a factor of 361?
False
Is 47 a factor of 46953?
True
Does 146 divide 40442?
True
Is 42 a factor of 3726?
False
Does 14 divide 6370?
True
Is 26277 a multiple of 148?
False
Does 36 divide 252?
True
Is 1040 a multiple of 20?
True
Does 46 divide 1840?
True
Is 1277 a multiple of 8?
False
Is 3764 a multiple of 6?
False
Does 60 divide 2346?
False
Does 15 divide 45?
True
Is 7363 a multiple of 120?
False
Is 3132 a multiple of 12?
True
Does 82 divide 4112?
False
Is 11 a factor of 990?
True
Is 47 a factor of 25662?
True
Does 9 divide 1341?
True
Does 39 divide 24932?
False
Does 18 divide 939?
False
Does 52 divide 39520?
True
Does 110 divide 4947?
False
Does 9 divide 927?
True
Is 2325 a multiple of 68?
False
Is 200 a factor of 40223?
False
Does 13 divide 6955?
True
Does 4 divide 1113?
False
Does 51 divide 22466?
False
Is 2956 even?
True
Is 1312 a multiple of 26?
False
Does 45 divide 34785?
True
Is 7230 a multiple of 43?
False
Is 35 a factor of 2697?
False
Is 17854 a multiple of 6?
False
Is 195 a factor of 12668?
False
Does 227 divide 28829?
True
Does 45 divide 3420?
True
Is 9 a factor of 5250?
False
Does 6 divide 282?
True
Does 21 divide 84?
True
Is 18 a factor of 5843?
False
Is 21 a factor of 2554?
False
Does 66 divide 329?
False
Does 12 divide 139?
False
Is 18 a factor of 15866?
False
Is 51 a factor of 1275?
True
Is 7 a factor of 245?
True
Does 3 divide 117?
True
Does 15 divide 3945?
True
Does 11 divide 4165?
False
Is 2457 a multiple of 13?
True
Is 802 a multiple of 10?
False
Does 12 divide 6048?
True
Does 14 divide 18382?
True
Is 4795 a multiple of 45?
False
Is 220 a multiple of 110?
True
Is 17 a factor of 11101?
True
Is 100 a factor of 8059?
False
Is 26 a factor of 1482?
True
Is 20710 a multiple of 58?
False
Is 1529 a multiple of 6?
False
Is 5733 a multiple of 13?
True
Is 7046 a multiple of 13?
True
Is 583 a multiple of 35?
False
Does 25 divide 405?
False
Is 11 a factor of 1397?
True
Is 142 a multiple of 59?
False
Does 38 divide 16655?
False
Does 23 divide 20350?
False
Is 353 a fact